{"id":12,"date":"2026-03-16T09:28:20","date_gmt":"2026-03-16T09:28:20","guid":{"rendered":"https:\/\/peritacionesaguilera.com\/?page_id=12"},"modified":"2026-03-19T13:27:22","modified_gmt":"2026-03-19T13:27:22","slug":"contacto","status":"publish","type":"page","link":"https:\/\/peritacionesaguilera.com\/index.php\/contacto\/","title":{"rendered":"Contacto"},"content":{"rendered":"\t\t<div data-elementor-type=\"wp-page\" data-elementor-id=\"12\" class=\"elementor elementor-12\">\n\t\t\t\t\t\t<section class=\"elementor-section elementor-top-section elementor-element elementor-element-2d4a31ba elementor-section-boxed elementor-section-height-default elementor-section-height-default\" data-id=\"2d4a31ba\" data-element_type=\"section\" data-e-type=\"section\" id=\"contact-section\" data-settings=\"{&quot;background_background&quot;:&quot;classic&quot;}\">\n\t\t\t\t\t\t<div class=\"elementor-container elementor-column-gap-default\">\n\t\t\t\t\t<div class=\"elementor-column elementor-col-100 elementor-top-column elementor-element elementor-element-3de21026 p-0\" data-id=\"3de21026\" data-element_type=\"column\" data-e-type=\"column\">\n\t\t\t<div class=\"elementor-widget-wrap elementor-element-populated\">\n\t\t\t\t\t\t<div class=\"elementor-element elementor-element-581d5316 elementor-widget__width-auto elementor-absolute elementor-hidden-tablet elementor-hidden-phone elementor-invisible elementor-widget elementor-widget-image\" data-id=\"581d5316\" data-element_type=\"widget\" data-e-type=\"widget\" data-settings=\"{&quot;_position&quot;:&quot;absolute&quot;,&quot;_animation&quot;:&quot;fadeInLeft&quot;}\" data-widget_type=\"image.default\">\n\t\t\t\t\t\t\t\t\t\t\t\t\t\t\t<img fetchpriority=\"high\" decoding=\"async\" width=\"1058\" height=\"1058\" src=\"https:\/\/peritacionesaguilera.com\/wp-content\/uploads\/2026\/03\/Group-6.png\" class=\"attachment-full size-full wp-image-150\" alt=\"\" srcset=\"https:\/\/peritacionesaguilera.com\/wp-content\/uploads\/2026\/03\/Group-6.png 1058w, https:\/\/peritacionesaguilera.com\/wp-content\/uploads\/2026\/03\/Group-6-300x300.png 300w, https:\/\/peritacionesaguilera.com\/wp-content\/uploads\/2026\/03\/Group-6-150x150.png 150w, https:\/\/peritacionesaguilera.com\/wp-content\/uploads\/2026\/03\/Group-6-768x768.png 768w, https:\/\/peritacionesaguilera.com\/wp-content\/uploads\/2026\/03\/Group-6-12x12.png 12w\" sizes=\"(max-width: 1058px) 100vw, 1058px\" \/>\t\t\t\t\t\t\t\t\t\t\t\t\t\t\t<\/div>\n\t\t\t\t<section class=\"elementor-section elementor-inner-section elementor-element elementor-element-6617da63 elementor-section-boxed elementor-section-height-default elementor-section-height-default elementor-invisible\" data-id=\"6617da63\" data-element_type=\"section\" data-e-type=\"section\" data-settings=\"{&quot;animation&quot;:&quot;fadeInUp&quot;}\">\n\t\t\t\t\t\t<div class=\"elementor-container elementor-column-gap-default\">\n\t\t\t\t\t<div class=\"elementor-column elementor-col-50 elementor-inner-column elementor-element elementor-element-324ee425\" data-id=\"324ee425\" data-element_type=\"column\" data-e-type=\"column\" data-settings=\"{&quot;background_slideshow_gallery&quot;:[{&quot;id&quot;:8,&quot;url&quot;:&quot;https:\\\/\\\/peritacionesaguilera.com\\\/wp-content\\\/uploads\\\/2026\\\/03\\\/CLARO.jpg&quot;}],&quot;background_background&quot;:&quot;slideshow&quot;,&quot;background_slideshow_loop&quot;:&quot;yes&quot;,&quot;background_slideshow_slide_duration&quot;:5000,&quot;background_slideshow_slide_transition&quot;:&quot;fade&quot;,&quot;background_slideshow_transition_duration&quot;:500}\">\n\t\t\t<div class=\"elementor-widget-wrap\">\n\t\t\t\t\t\t\t<\/div>\n\t\t<\/div>\n\t\t\t\t<div class=\"elementor-column elementor-col-50 elementor-inner-column elementor-element elementor-element-64839e9b\" data-id=\"64839e9b\" data-element_type=\"column\" data-e-type=\"column\" data-settings=\"{&quot;background_background&quot;:&quot;classic&quot;}\">\n\t\t\t<div class=\"elementor-widget-wrap elementor-element-populated\">\n\t\t\t\t\t\t<div class=\"elementor-element elementor-element-1f710714 elementor-widget elementor-widget-heading\" data-id=\"1f710714\" data-element_type=\"widget\" data-e-type=\"widget\" data-widget_type=\"heading.default\">\n\t\t\t\t\t<h2 class=\"elementor-heading-title elementor-size-default\">Solicite informaci\u00f3n sin compromiso<\/h2>\t\t\t\t<\/div>\n\t\t\t\t<div class=\"elementor-element elementor-element-7a4fc933 elementor-widget elementor-widget-text-editor\" data-id=\"7a4fc933\" data-element_type=\"widget\" data-e-type=\"widget\" data-widget_type=\"text-editor.default\">\n\t\t\t\t\t\t\t\t\t<p data-start=\"175\" data-end=\"320\">En <strong data-start=\"178\" data-end=\"213\">Peritaciones Juan R Aguilera SL<\/strong> estamos a su disposici\u00f3n para resolver cualquier consulta y ofrecerle asesoramiento t\u00e9cnico personalizado.<\/p><p data-start=\"322\" data-end=\"541\">Si necesita un informe pericial, una valoraci\u00f3n de da\u00f1os o cualquier tipo de servicio t\u00e9cnico, no dude en ponerse en contacto con nosotros. Estudiaremos su caso de forma individualizada para ofrecerle la mejor soluci\u00f3n.<\/p>\t\t\t\t\t\t\t\t<\/div>\n\t\t\t\t\t<\/div>\n\t\t<\/div>\n\t\t\t\t\t<\/div>\n\t\t<\/section>\n\t\t\t\t<div class=\"elementor-element elementor-element-48c142cf elementor-widget__width-auto elementor-absolute elementor-hidden-phone elementor-hidden-tablet elementor-widget elementor-widget-image\" data-id=\"48c142cf\" data-element_type=\"widget\" data-e-type=\"widget\" data-settings=\"{&quot;_position&quot;:&quot;absolute&quot;}\" data-widget_type=\"image.default\">\n\t\t\t\t\t\t\t\t\t\t\t\t\t\t\t<img decoding=\"async\" width=\"170\" height=\"180\" src=\"https:\/\/peritacionesaguilera.com\/wp-content\/uploads\/2026\/03\/Group-1-copy.png\" class=\"attachment-large size-large wp-image-151\" alt=\"\" srcset=\"https:\/\/peritacionesaguilera.com\/wp-content\/uploads\/2026\/03\/Group-1-copy.png 170w, https:\/\/peritacionesaguilera.com\/wp-content\/uploads\/2026\/03\/Group-1-copy-11x12.png 11w\" sizes=\"(max-width: 170px) 100vw, 170px\" \/>\t\t\t\t\t\t\t\t\t\t\t\t\t\t\t<\/div>\n\t\t\t\t<section class=\"elementor-section elementor-inner-section elementor-element elementor-element-640f0f17 elementor-section-boxed elementor-section-height-default elementor-section-height-default\" data-id=\"640f0f17\" data-element_type=\"section\" data-e-type=\"section\">\n\t\t\t\t\t\t<div class=\"elementor-container elementor-column-gap-default\">\n\t\t\t\t\t<div class=\"elementor-column elementor-col-33 elementor-inner-column elementor-element elementor-element-76261fad\" data-id=\"76261fad\" data-element_type=\"column\" data-e-type=\"column\">\n\t\t\t<div class=\"elementor-widget-wrap\">\n\t\t\t\t\t\t\t<\/div>\n\t\t<\/div>\n\t\t\t\t<div class=\"elementor-column elementor-col-33 elementor-inner-column elementor-element elementor-element-356769c8\" data-id=\"356769c8\" data-element_type=\"column\" data-e-type=\"column\">\n\t\t\t<div class=\"elementor-widget-wrap elementor-element-populated\">\n\t\t\t\t\t\t<div class=\"elementor-element elementor-element-b8a269c elementor-widget elementor-widget-heading\" data-id=\"b8a269c\" data-element_type=\"widget\" data-e-type=\"widget\" data-widget_type=\"heading.default\">\n\t\t\t\t\t<h2 class=\"elementor-heading-title elementor-size-default\">Datos de contacto<\/h2>\t\t\t\t<\/div>\n\t\t\t\t\t<\/div>\n\t\t<\/div>\n\t\t\t\t<div class=\"elementor-column elementor-col-33 elementor-inner-column elementor-element elementor-element-d3e7840\" data-id=\"d3e7840\" data-element_type=\"column\" data-e-type=\"column\">\n\t\t\t<div class=\"elementor-widget-wrap\">\n\t\t\t\t\t\t\t<\/div>\n\t\t<\/div>\n\t\t\t\t\t<\/div>\n\t\t<\/section>\n\t\t\t\t<section class=\"elementor-section elementor-inner-section elementor-element elementor-element-502298f0 elementor-section-boxed elementor-section-height-default elementor-section-height-default\" data-id=\"502298f0\" data-element_type=\"section\" data-e-type=\"section\">\n\t\t\t\t\t\t<div class=\"elementor-container elementor-column-gap-default\">\n\t\t\t\t\t<div class=\"elementor-column elementor-col-33 elementor-inner-column elementor-element elementor-element-3132a863 elementor-invisible\" data-id=\"3132a863\" data-element_type=\"column\" data-e-type=\"column\" data-settings=\"{&quot;animation&quot;:&quot;fadeInLeft&quot;}\">\n\t\t\t<div class=\"elementor-widget-wrap elementor-element-populated\">\n\t\t\t\t\t\t<div class=\"elementor-element elementor-element-7613afd elementor-view-default elementor-position-block-start elementor-mobile-position-block-start elementor-widget elementor-widget-icon-box\" data-id=\"7613afd\" data-element_type=\"widget\" data-e-type=\"widget\" data-widget_type=\"icon-box.default\">\n\t\t\t\t\t\t\t<div class=\"elementor-icon-box-wrapper\">\n\n\t\t\t\t\t\t<div class=\"elementor-icon-box-icon\">\n\t\t\t\t<span  class=\"elementor-icon\">\n\t\t\t\t<svg aria-hidden=\"true\" class=\"e-font-icon-svg e-fas-map-marked-alt\" viewBox=\"0 0 576 512\" xmlns=\"http:\/\/www.w3.org\/2000\/svg\"><path d=\"M288 0c-69.59 0-126 56.41-126 126 0 56.26 82.35 158.8 113.9 196.02 6.39 7.54 17.82 7.54 24.2 0C331.65 284.8 414 182.26 414 126 414 56.41 357.59 0 288 0zm0 168c-23.2 0-42-18.8-42-42s18.8-42 42-42 42 18.8 42 42-18.8 42-42 42zM20.12 215.95A32.006 32.006 0 0 0 0 245.66v250.32c0 11.32 11.43 19.06 21.94 14.86L160 448V214.92c-8.84-15.98-16.07-31.54-21.25-46.42L20.12 215.95zM288 359.67c-14.07 0-27.38-6.18-36.51-16.96-19.66-23.2-40.57-49.62-59.49-76.72v182l192 64V266c-18.92 27.09-39.82 53.52-59.49 76.72-9.13 10.77-22.44 16.95-36.51 16.95zm266.06-198.51L416 224v288l139.88-55.95A31.996 31.996 0 0 0 576 426.34V176.02c0-11.32-11.43-19.06-21.94-14.86z\"><\/path><\/svg>\t\t\t\t<\/span>\n\t\t\t<\/div>\n\t\t\t\n\t\t\t\t\t\t<div class=\"elementor-icon-box-content\">\n\n\t\t\t\t\n\t\t\t\t\t\t\t\t\t<p class=\"elementor-icon-box-description\">\n\t\t\t\t\t\tCalle maestro montero, 21 - 2, granada, 18004, granada\t\t\t\t\t<\/p>\n\t\t\t\t\n\t\t\t<\/div>\n\t\t\t\n\t\t<\/div>\n\t\t\t\t\t\t<\/div>\n\t\t\t\t\t<\/div>\n\t\t<\/div>\n\t\t\t\t<div class=\"elementor-column elementor-col-33 elementor-inner-column elementor-element elementor-element-3638d2ca elementor-invisible\" data-id=\"3638d2ca\" data-element_type=\"column\" data-e-type=\"column\" data-settings=\"{&quot;animation&quot;:&quot;zoomIn&quot;}\">\n\t\t\t<div class=\"elementor-widget-wrap elementor-element-populated\">\n\t\t\t\t\t\t<div class=\"elementor-element elementor-element-345c97a8 elementor-view-default elementor-position-block-start elementor-mobile-position-block-start elementor-widget elementor-widget-icon-box\" data-id=\"345c97a8\" data-element_type=\"widget\" data-e-type=\"widget\" data-widget_type=\"icon-box.default\">\n\t\t\t\t\t\t\t<div class=\"elementor-icon-box-wrapper\">\n\n\t\t\t\t\t\t<div class=\"elementor-icon-box-icon\">\n\t\t\t\t<a href=\"http:\/\/958256707\" class=\"elementor-icon\" tabindex=\"-1\">\n\t\t\t\t<svg aria-hidden=\"true\" class=\"e-font-icon-svg e-fas-phone\" viewBox=\"0 0 512 512\" xmlns=\"http:\/\/www.w3.org\/2000\/svg\"><path d=\"M493.4 24.6l-104-24c-11.3-2.6-22.9 3.3-27.5 13.9l-48 112c-4.2 9.8-1.4 21.3 6.9 28l60.6 49.6c-36 76.7-98.9 140.5-177.2 177.2l-49.6-60.6c-6.8-8.3-18.2-11.1-28-6.9l-112 48C3.9 366.5-2 378.1.6 389.4l24 104C27.1 504.2 36.7 512 48 512c256.1 0 464-207.5 464-464 0-11.2-7.7-20.9-18.6-23.4z\"><\/path><\/svg>\t\t\t\t<\/a>\n\t\t\t<\/div>\n\t\t\t\n\t\t\t\t\t\t<div class=\"elementor-icon-box-content\">\n\n\t\t\t\t\n\t\t\t\t\t\t\t\t\t<p class=\"elementor-icon-box-description\">\n\t\t\t\t\t\t<BR>-  958 256 707  -<br>\ninfo@peritacionesaguilera.com\t\t\t\t\t<\/p>\n\t\t\t\t\n\t\t\t<\/div>\n\t\t\t\n\t\t<\/div>\n\t\t\t\t\t\t<\/div>\n\t\t\t\t\t<\/div>\n\t\t<\/div>\n\t\t\t\t<div class=\"elementor-column elementor-col-33 elementor-inner-column elementor-element elementor-element-7b4b8e81 elementor-invisible\" data-id=\"7b4b8e81\" data-element_type=\"column\" data-e-type=\"column\" data-settings=\"{&quot;animation&quot;:&quot;fadeInRight&quot;}\">\n\t\t\t<div class=\"elementor-widget-wrap elementor-element-populated\">\n\t\t\t\t\t\t<div class=\"elementor-element elementor-element-9dbc0e8 elementor-view-default elementor-position-block-start elementor-mobile-position-block-start elementor-widget elementor-widget-icon-box\" data-id=\"9dbc0e8\" data-element_type=\"widget\" data-e-type=\"widget\" data-widget_type=\"icon-box.default\">\n\t\t\t\t\t\t\t<div class=\"elementor-icon-box-wrapper\">\n\n\t\t\t\t\t\t<div class=\"elementor-icon-box-icon\">\n\t\t\t\t<span  class=\"elementor-icon\">\n\t\t\t\t<svg aria-hidden=\"true\" class=\"e-font-icon-svg e-fas-user-clock\" viewBox=\"0 0 640 512\" xmlns=\"http:\/\/www.w3.org\/2000\/svg\"><path d=\"M496 224c-79.6 0-144 64.4-144 144s64.4 144 144 144 144-64.4 144-144-64.4-144-144-144zm64 150.3c0 5.3-4.4 9.7-9.7 9.7h-60.6c-5.3 0-9.7-4.4-9.7-9.7v-76.6c0-5.3 4.4-9.7 9.7-9.7h12.6c5.3 0 9.7 4.4 9.7 9.7V352h38.3c5.3 0 9.7 4.4 9.7 9.7v12.6zM320 368c0-27.8 6.7-54.1 18.2-77.5-8-1.5-16.2-2.5-24.6-2.5h-16.7c-22.2 10.2-46.9 16-72.9 16s-50.6-5.8-72.9-16h-16.7C60.2 288 0 348.2 0 422.4V464c0 26.5 21.5 48 48 48h347.1c-45.3-31.9-75.1-84.5-75.1-144zm-96-112c70.7 0 128-57.3 128-128S294.7 0 224 0 96 57.3 96 128s57.3 128 128 128z\"><\/path><\/svg>\t\t\t\t<\/span>\n\t\t\t<\/div>\n\t\t\t\n\t\t\t\t\t\t<div class=\"elementor-icon-box-content\">\n\n\t\t\t\t\n\t\t\t\t\t\t\t\t\t<p class=\"elementor-icon-box-description\">\n\t\t\t\t\t\tLunes a viernes: <BR>\n9:00 \u2013 14:00 \/ 16:00 \u2013 19:00\t\t\t\t\t<\/p>\n\t\t\t\t\n\t\t\t<\/div>\n\t\t\t\n\t\t<\/div>\n\t\t\t\t\t\t<\/div>\n\t\t\t\t\t<\/div>\n\t\t<\/div>\n\t\t\t\t\t<\/div>\n\t\t<\/section>\n\t\t\t\t\t<\/div>\n\t\t<\/div>\n\t\t\t\t\t<\/div>\n\t\t<\/section>\n\t\t\t\t<\/div>\n\t\t","protected":false},"excerpt":{"rendered":"<p>Solicite informaci\u00f3n sin compromiso En Peritaciones Juan R Aguilera SL estamos a su disposici\u00f3n para resolver cualquier consulta y ofrecerle [&hellip;]<\/p>\n","protected":false},"author":1,"featured_media":0,"parent":0,"menu_order":0,"comment_status":"closed","ping_status":"closed","template":"elementor_header_footer","meta":{"site-sidebar-layout":"no-sidebar","site-content-layout":"","ast-site-content-layout":"full-width-container","site-content-style":"default","site-sidebar-style":"default","ast-global-header-display":"","ast-banner-title-visibility":"","ast-main-header-display":"","ast-hfb-above-header-display":"","ast-hfb-below-header-display":"","ast-hfb-mobile-header-display":"","site-post-title":"","ast-breadcrumbs-content":"","ast-featured-img":"disabled","footer-sml-layout":"","ast-disable-related-posts":"","theme-transparent-header-meta":"","adv-header-id-meta":"","stick-header-meta":"","header-above-stick-meta":"","header-main-stick-meta":"","header-below-stick-meta":"","astra-migrate-meta-layouts":"default","ast-page-background-enabled":"default","ast-page-background-meta":{"desktop":{"background-color":"var(--ast-global-color-5)","background-image":"","background-repeat":"repeat","background-position":"center center","background-size":"auto","background-attachment":"scroll","background-type":"","background-media":"","overlay-type":"","overlay-color":"","overlay-opacity":"","overlay-gradient":""},"tablet":{"background-color":"","background-image":"","background-repeat":"repeat","background-position":"center center","background-size":"auto","background-attachment":"scroll","background-type":"","background-media":"","overlay-type":"","overlay-color":"","overlay-opacity":"","overlay-gradient":""},"mobile":{"background-color":"","background-image":"","background-repeat":"repeat","background-position":"center center","background-size":"auto","background-attachment":"scroll","background-type":"","background-media":"","overlay-type":"","overlay-color":"","overlay-opacity":"","overlay-gradient":""}},"ast-content-background-meta":{"desktop":{"background-color":"var(--ast-global-color-4)","background-image":"","background-repeat":"repeat","background-position":"center center","background-size":"auto","background-attachment":"scroll","background-type":"","background-media":"","overlay-type":"","overlay-color":"","overlay-opacity":"","overlay-gradient":""},"tablet":{"background-color":"var(--ast-global-color-4)","background-image":"","background-repeat":"repeat","background-position":"center center","background-size":"auto","background-attachment":"scroll","background-type":"","background-media":"","overlay-type":"","overlay-color":"","overlay-opacity":"","overlay-gradient":""},"mobile":{"background-color":"var(--ast-global-color-4)","background-image":"","background-repeat":"repeat","background-position":"center center","background-size":"auto","background-attachment":"scroll","background-type":"","background-media":"","overlay-type":"","overlay-color":"","overlay-opacity":"","overlay-gradient":""}},"footnotes":""},"class_list":["post-12","page","type-page","status-publish","hentry"],"yoast_head":"<!-- This site is optimized with the Yoast SEO plugin v27.2 - https:\/\/yoast.com\/product\/yoast-seo-wordpress\/ -->\n<title>Contacto - Peritaciones Juan R Aguilera<\/title>\n<meta name=\"description\" content=\"Contacto, Perito en Granada, en Peritaciones Aguilera buscamos ofrecerte el mejor servicio de forma eficiente.\" \/>\n<meta name=\"robots\" content=\"index, follow, max-snippet:-1, max-image-preview:large, max-video-preview:-1\" \/>\n<link rel=\"canonical\" href=\"https:\/\/peritacionesaguilera.com\/index.php\/contacto\/\" \/>\n<meta property=\"og:locale\" content=\"es_ES\" \/>\n<meta property=\"og:type\" content=\"article\" \/>\n<meta property=\"og:title\" content=\"Contacto - Peritaciones Juan R Aguilera\" \/>\n<meta property=\"og:description\" content=\"Contacto, Perito en Granada, en Peritaciones Aguilera buscamos ofrecerte el mejor servicio de forma eficiente.\" \/>\n<meta property=\"og:url\" content=\"https:\/\/peritacionesaguilera.com\/index.php\/contacto\/\" \/>\n<meta property=\"og:site_name\" content=\"Peritaciones Juan R Aguilera\" \/>\n<meta property=\"article:modified_time\" content=\"2026-03-19T13:27:22+00:00\" \/>\n<meta property=\"og:image\" content=\"https:\/\/peritacionesaguilera.com\/wp-content\/uploads\/2026\/03\/Group-6.png\" \/>\n<meta name=\"twitter:card\" content=\"summary_large_image\" \/>\n<meta name=\"twitter:label1\" content=\"Tiempo de lectura\" \/>\n\t<meta name=\"twitter:data1\" content=\"1 minuto\" \/>\n<script type=\"application\/ld+json\" class=\"yoast-schema-graph\">{\"@context\":\"https:\/\/schema.org\",\"@graph\":[{\"@type\":\"WebPage\",\"@id\":\"https:\/\/peritacionesaguilera.com\/index.php\/contacto\/\",\"url\":\"https:\/\/peritacionesaguilera.com\/index.php\/contacto\/\",\"name\":\"Contacto - Peritaciones Juan R Aguilera\",\"isPartOf\":{\"@id\":\"https:\/\/peritacionesaguilera.com\/#website\"},\"primaryImageOfPage\":{\"@id\":\"https:\/\/peritacionesaguilera.com\/index.php\/contacto\/#primaryimage\"},\"image\":{\"@id\":\"https:\/\/peritacionesaguilera.com\/index.php\/contacto\/#primaryimage\"},\"thumbnailUrl\":\"https:\/\/peritacionesaguilera.com\/wp-content\/uploads\/2026\/03\/Group-6.png\",\"datePublished\":\"2026-03-16T09:28:20+00:00\",\"dateModified\":\"2026-03-19T13:27:22+00:00\",\"description\":\"Contacto, Perito en Granada, en Peritaciones Aguilera buscamos ofrecerte el mejor servicio de forma eficiente.\",\"breadcrumb\":{\"@id\":\"https:\/\/peritacionesaguilera.com\/index.php\/contacto\/#breadcrumb\"},\"inLanguage\":\"es\",\"potentialAction\":[{\"@type\":\"ReadAction\",\"target\":[\"https:\/\/peritacionesaguilera.com\/index.php\/contacto\/\"]}]},{\"@type\":\"ImageObject\",\"inLanguage\":\"es\",\"@id\":\"https:\/\/peritacionesaguilera.com\/index.php\/contacto\/#primaryimage\",\"url\":\"https:\/\/peritacionesaguilera.com\/wp-content\/uploads\/2026\/03\/Group-6.png\",\"contentUrl\":\"https:\/\/peritacionesaguilera.com\/wp-content\/uploads\/2026\/03\/Group-6.png\",\"width\":1058,\"height\":1058},{\"@type\":\"BreadcrumbList\",\"@id\":\"https:\/\/peritacionesaguilera.com\/index.php\/contacto\/#breadcrumb\",\"itemListElement\":[{\"@type\":\"ListItem\",\"position\":1,\"name\":\"Portada\",\"item\":\"https:\/\/peritacionesaguilera.com\/\"},{\"@type\":\"ListItem\",\"position\":2,\"name\":\"Contacto\"}]},{\"@type\":\"WebSite\",\"@id\":\"https:\/\/peritacionesaguilera.com\/#website\",\"url\":\"https:\/\/peritacionesaguilera.com\/\",\"name\":\"Peritaciones Juan R Aguilera\",\"description\":\"\",\"publisher\":{\"@id\":\"https:\/\/peritacionesaguilera.com\/#organization\"},\"potentialAction\":[{\"@type\":\"SearchAction\",\"target\":{\"@type\":\"EntryPoint\",\"urlTemplate\":\"https:\/\/peritacionesaguilera.com\/?s={search_term_string}\"},\"query-input\":{\"@type\":\"PropertyValueSpecification\",\"valueRequired\":true,\"valueName\":\"search_term_string\"}}],\"inLanguage\":\"es\"},{\"@type\":\"Organization\",\"@id\":\"https:\/\/peritacionesaguilera.com\/#organization\",\"name\":\"Peritaciones Juan R Aguilera\",\"url\":\"https:\/\/peritacionesaguilera.com\/\",\"logo\":{\"@type\":\"ImageObject\",\"inLanguage\":\"es\",\"@id\":\"https:\/\/peritacionesaguilera.com\/#\/schema\/logo\/image\/\",\"url\":\"https:\/\/peritacionesaguilera.com\/wp-content\/uploads\/2026\/03\/cropped-CLARO.jpg\",\"contentUrl\":\"https:\/\/peritacionesaguilera.com\/wp-content\/uploads\/2026\/03\/cropped-CLARO.jpg\",\"width\":800,\"height\":800,\"caption\":\"Peritaciones Juan R Aguilera\"},\"image\":{\"@id\":\"https:\/\/peritacionesaguilera.com\/#\/schema\/logo\/image\/\"}}]}<\/script>\n<!-- \/ Yoast SEO plugin. -->","yoast_head_json":{"title":"Contacto - Peritaciones Juan R Aguilera","description":"Contacto, Perito en Granada, en Peritaciones Aguilera buscamos ofrecerte el mejor servicio de forma eficiente.","robots":{"index":"index","follow":"follow","max-snippet":"max-snippet:-1","max-image-preview":"max-image-preview:large","max-video-preview":"max-video-preview:-1"},"canonical":"https:\/\/peritacionesaguilera.com\/index.php\/contacto\/","og_locale":"es_ES","og_type":"article","og_title":"Contacto - Peritaciones Juan R Aguilera","og_description":"Contacto, Perito en Granada, en Peritaciones Aguilera buscamos ofrecerte el mejor servicio de forma eficiente.","og_url":"https:\/\/peritacionesaguilera.com\/index.php\/contacto\/","og_site_name":"Peritaciones Juan R Aguilera","article_modified_time":"2026-03-19T13:27:22+00:00","og_image":[{"url":"https:\/\/peritacionesaguilera.com\/wp-content\/uploads\/2026\/03\/Group-6.png","type":"","width":"","height":""}],"twitter_card":"summary_large_image","twitter_misc":{"Tiempo de lectura":"1 minuto"},"schema":{"@context":"https:\/\/schema.org","@graph":[{"@type":"WebPage","@id":"https:\/\/peritacionesaguilera.com\/index.php\/contacto\/","url":"https:\/\/peritacionesaguilera.com\/index.php\/contacto\/","name":"Contacto - Peritaciones Juan R Aguilera","isPartOf":{"@id":"https:\/\/peritacionesaguilera.com\/#website"},"primaryImageOfPage":{"@id":"https:\/\/peritacionesaguilera.com\/index.php\/contacto\/#primaryimage"},"image":{"@id":"https:\/\/peritacionesaguilera.com\/index.php\/contacto\/#primaryimage"},"thumbnailUrl":"https:\/\/peritacionesaguilera.com\/wp-content\/uploads\/2026\/03\/Group-6.png","datePublished":"2026-03-16T09:28:20+00:00","dateModified":"2026-03-19T13:27:22+00:00","description":"Contacto, Perito en Granada, en Peritaciones Aguilera buscamos ofrecerte el mejor servicio de forma eficiente.","breadcrumb":{"@id":"https:\/\/peritacionesaguilera.com\/index.php\/contacto\/#breadcrumb"},"inLanguage":"es","potentialAction":[{"@type":"ReadAction","target":["https:\/\/peritacionesaguilera.com\/index.php\/contacto\/"]}]},{"@type":"ImageObject","inLanguage":"es","@id":"https:\/\/peritacionesaguilera.com\/index.php\/contacto\/#primaryimage","url":"https:\/\/peritacionesaguilera.com\/wp-content\/uploads\/2026\/03\/Group-6.png","contentUrl":"https:\/\/peritacionesaguilera.com\/wp-content\/uploads\/2026\/03\/Group-6.png","width":1058,"height":1058},{"@type":"BreadcrumbList","@id":"https:\/\/peritacionesaguilera.com\/index.php\/contacto\/#breadcrumb","itemListElement":[{"@type":"ListItem","position":1,"name":"Portada","item":"https:\/\/peritacionesaguilera.com\/"},{"@type":"ListItem","position":2,"name":"Contacto"}]},{"@type":"WebSite","@id":"https:\/\/peritacionesaguilera.com\/#website","url":"https:\/\/peritacionesaguilera.com\/","name":"Peritaciones Juan R Aguilera","description":"","publisher":{"@id":"https:\/\/peritacionesaguilera.com\/#organization"},"potentialAction":[{"@type":"SearchAction","target":{"@type":"EntryPoint","urlTemplate":"https:\/\/peritacionesaguilera.com\/?s={search_term_string}"},"query-input":{"@type":"PropertyValueSpecification","valueRequired":true,"valueName":"search_term_string"}}],"inLanguage":"es"},{"@type":"Organization","@id":"https:\/\/peritacionesaguilera.com\/#organization","name":"Peritaciones Juan R Aguilera","url":"https:\/\/peritacionesaguilera.com\/","logo":{"@type":"ImageObject","inLanguage":"es","@id":"https:\/\/peritacionesaguilera.com\/#\/schema\/logo\/image\/","url":"https:\/\/peritacionesaguilera.com\/wp-content\/uploads\/2026\/03\/cropped-CLARO.jpg","contentUrl":"https:\/\/peritacionesaguilera.com\/wp-content\/uploads\/2026\/03\/cropped-CLARO.jpg","width":800,"height":800,"caption":"Peritaciones Juan R Aguilera"},"image":{"@id":"https:\/\/peritacionesaguilera.com\/#\/schema\/logo\/image\/"}}]}},"_links":{"self":[{"href":"https:\/\/peritacionesaguilera.com\/index.php\/wp-json\/wp\/v2\/pages\/12","targetHints":{"allow":["GET"]}}],"collection":[{"href":"https:\/\/peritacionesaguilera.com\/index.php\/wp-json\/wp\/v2\/pages"}],"about":[{"href":"https:\/\/peritacionesaguilera.com\/index.php\/wp-json\/wp\/v2\/types\/page"}],"author":[{"embeddable":true,"href":"https:\/\/peritacionesaguilera.com\/index.php\/wp-json\/wp\/v2\/users\/1"}],"replies":[{"embeddable":true,"href":"https:\/\/peritacionesaguilera.com\/index.php\/wp-json\/wp\/v2\/comments?post=12"}],"version-history":[{"count":8,"href":"https:\/\/peritacionesaguilera.com\/index.php\/wp-json\/wp\/v2\/pages\/12\/revisions"}],"predecessor-version":[{"id":160,"href":"https:\/\/peritacionesaguilera.com\/index.php\/wp-json\/wp\/v2\/pages\/12\/revisions\/160"}],"wp:attachment":[{"href":"https:\/\/peritacionesaguilera.com\/index.php\/wp-json\/wp\/v2\/media?parent=12"}],"curies":[{"name":"wp","href":"https:\/\/api.w.org\/{rel}","templated":true}]}}